(c). Let o = 0 - m. What are the prime factors of o?
2, 3
Let p(k) = k**2 + k - 1. Let j be p(2). Suppose h - 4*y = -4*h + 327, -j*y - 141 = -2*h. What are the prime factors of h?
3, 7
Let p be (-1 - 0)*(-1 - 1). Suppose -4*q - 1 = 3*w, 4*q - p*w = -q + 16. Suppose 27 = 4*r + 3*n, 3*n = -q*r + 14 + 7. What are the prime factors of r?
3
Suppose 5*d = -2*o - 19, -5*d + 4*d + 25 = -2*o. What are the prime factors of (213/o)/((-5)/20)?
71
Let s(j) = 2*j**2 + 3*j + 10. Let y be s(6). Suppose -3*k = 4*i + k - 416, 3*k = -i + y. What are the prime factors of i?
2, 53
Suppose -5*i = 3*n - 2*n - 510, 0 = 4*i - 3*n - 389. Let y be ((-1)/(-2))/(5/20). Suppose i = 4*d + 3*k, -4*d + 40 = -y*d - 2*k. List the prime factors of d.
23
Suppose -15 = 3*c - 0*c. Let h(r) be the second derivative of r**5/20 + r**4/2 + r**3/2 + 5*r**2/2 + 6*r. What are the prime factors of h(c)?
3, 5
Let l(w) = w**3 + 5*w**2 + 2*w + 12. Let p be l(-5). Suppose -p*d = 8*d - 2120. List the prime factors of d.
2, 53
Let c(s) = -s - 31. Let n be c(-10). Let q = n - -158. What are the prime factors of q?
137
Let g(n) = -2*n + 2. Let a be g(-2). Suppose 18 = 4*d - m, 2*d + 5*m = 1 - 3. Let b = d + a. What are the prime factors of b?
2, 5
Suppose 0 = -88*n + 125292 + 133340. What are the prime factors of n?
2939
Let x(a) = 33*a**2 + 8*a - 1. What are the prime factors of x(-4)?
3, 5, 11
What are the prime factors of ((-4)/8 + 1)*1336?
2, 167
Suppose 4*s + 4*m = 7160, 5*s + m - 12994 = -4064. List the prime factors of s.
3, 5, 7, 17
Let r(h) = 2*h**3 - 5*h**2 - 2*h - 2. Let v(z) be the third derivative of -z**4/24 + z**3/6 - z**2. Let t be v(-3). What are the prime factors of r(t)?
2, 19
List the prime factors of -30*1/(-3 - -2).
2, 3, 5
Let n(h) = -h**3 + 24*h**2 + 67*h - 58. What are the prime factors of n(15)?
2, 743
Let c(f) = -2*f - 18. Let u be c(-12). Let h(a) = -a**2 + 8*a. Let g be h(u). Suppose -4*p - g + 32 = 0. List the prime factors of p.
5
Suppose -19*l - 10*l = -30885. What are the prime factors of l?
3, 5, 71
Suppose 35 = 2*i + 3*b, 2*b - 69 - 24 = -5*i. Suppose d - 23 = -w, 2*d - d - 3*w - i = 0. What are the prime factors of d?
2, 11
Suppose 14*q = 19*q + 1215. Let y = q - -444. List the prime factors of y.
3, 67
Let z(l) = 4*l**2 - 4*l + 3. Suppose f + 5*k = 3, -4*f = -2*k - 18 + 6. Let j be z(f). Suppose -3*u + 8 = -5*p, 2*u + p + 0*p = j. List the prime factors of u.
11
Let h(s) = -8*s + 5. Let k(v) = 16*v - 11. Let z(i) = 11*h(i) + 6*k(i). What are the prime factors of z(9)?
61
Let y be (8/16)/((-1)/(-26)). Suppose s = y + 25. List the prime factors of s.
2, 19
Let t be -3 + (-3)/(-9)*-3. What are the prime factors of -4 + (-1*392)/t?
2, 47
Let r(l) = -2*l**2. Let n be r(0). Suppose n = 4*t - 42 + 10. List the prime factors of t.
2
Let m be 3 - (0 - 4*3/6). Suppose 83 = m*x + 23. What are the prime factors of x?
2, 3
Suppose -32*k = -9*k - 36018. What are the prime factors of k?
2, 3, 29
Let y(x) = -8*x**2 - 6. Let b(w) = -16*w**2 - 13. Let q(i) = 4*b(i) - 9*y(i). Suppose 0*c = 6*c + 12. List the prime factors of q(c).
2, 17
Suppose -2*v - 11 - 1 = 0. Let p be (-1 + 0)/(v/78). Suppose 4*l - 3*b - 14 + 5 = 0, -p = -4*l - b. List the prime factors of l.
3
Suppose 1157 + 4884 = 7*d. What are the prime factors of d?
863
Let n = -31 - -60. Suppose n - 124 = -x. What are the prime factors of x?
5, 19
Let l = 26 - 31. Let p = l - -35. What are the prime factors of p?
2, 3, 5
Let u = 7 - 4. Suppose 0*n + 4*n - 4*k = 304, 218 = 3*n + 2*k. Suppose -n = -u*c - 20. List the prime factors of c.
2, 3
Let x be 19*(-26 + 4)*(-1)/2. Suppose -635 = -6*s - x. What are the prime factors of s?
71
Suppose -26*p = -21*p + 8010. List the prime factors of (p/27)/(2/(-3)).
89
Let g be (-70)/(-4) - 3 - 9/6. Suppose 0 = 15*h - g*h - 74. List the prime factors of h.
37
Suppose 4*n - 2*n + 4 = f, -2*f - n = 2. Suppose h - 13 - 20 = f. What are the prime factors of h?
3, 11
Suppose -6*f - 370 = -1042. Let s = 184 - f. What are the prime factors of s?
2, 3
Suppose -10559 = -17*u - 1906. What are the prime factors of u?
509
List the prime factors of 39/52 + (-3458)/(-8) - -5.
2, 3, 73
Suppose -3*a - o = -0*a - 18, -5*a = -2*o - 41. Suppose -90 = -3*z - 3*k, 5 = 3*k - a. What are the prime factors of z?
2, 13
Let k(q) = q**3 - 2*q**2 - q - 1. Let x be k(3). Suppose -t - 13 = x*u, 3*u - 7 = -5*t + 2*u. Suppose t*a + 0 = 26. List the prime factors of a.
13
Suppose -3*w + 4*w = 2*o + 12, -o = 5*w - 49. Let q(v) = 3*v**2 - 14*v + 23. What are the prime factors of q(w)?
3, 61
Let b(q) = -q**3 - 20*q**2 + 19*q - 52. Let n be b(-21). Suppose 3*y + y + 8 = -d, -15 = -y + 4*d. What are the prime factors of ((-24)/n)/(y/(-5))?
2, 3
Let c be ((-8)/10)/((-14)/(-35)). Let q(z) = -1 + 12*z**2 - 3*z - 3*z + 6*z + 2*z. List the prime factors of q(c).
43
Let r(p) = 9*p + 5 - 32*p + 0*p**2 + p**2 + 14*p. Let q = -15 + 24. List the prime factors of r(q).
5
Let z be (3 - 4) + 8/2. Suppose -z*h = -313 - 65. List the prime factors of h.
2, 3, 7
Let m be (-40)/18 + (174/54 - 3). Let g = m + 131. What are the prime factors of g?
3, 43
Let o be -1 - -3 - (-26 - -4). Suppose 0 = 5*d - 3*d - 104. Let z = d - o. What are the prime factors of z?
2, 7
Let j(r) = 7*r**3 + 5 - 2*r - 12*r**3 - r**2 + 4*r**3. Let d be j(0). Suppose 175 = d*h + 2*n, -2*n + 15 = n. What are the prime factors of h?
3, 11
Let z(d) = d**3 - 4*d**2 - 1. Let k be z(5). Let r be ((-2)/3)/((-4)/k). Suppose r*x = -4*j + 100, 2*x = -3*x + 2*j + 160. What are the prime factors of x?
2, 3, 5
Suppose 24*f - 83106 = -30*f. What are the prime factors of f?
3, 19
Suppose 3*i - 19 = 5*o, -4*o - o - 29 = 2*i. List the prime factors of -69*(-2)/6 - i.
5
Suppose 0 = 3*q - 5*s - 4652, 429 = 2*q - 5*s - 2674. What are the prime factors of q?
1549
Let o be (-3)/(-3) + -2 + 9. Suppose l = -3 + o. Suppose -12 = k - l*k. List the prime factors of k.
3
Let z be -15*634/33 + 14/77. Suppose 64 = 4*v - 0*v. List the prime factors of (5/(-3))/(v/z).
2, 3, 5
Let g(w) = -7 - 5*w - 17 + 5. List the prime factors of g(-22).
7, 13
Let q(h) = -19*h**3 - 2*h**2 - 12*h - 12. List the prime factors of q(-3).
3, 173
Let g = 1201 + -102. What are the prime factors of g?
7, 157
Let z(j) = -12 - 8*j + j - 10*j. List the prime factors of z(-5).
73
Suppose 12*r + 54 = 14*r. Let t = 156 - r. What are the prime factors of t?
3, 43
Let p(y) = 5*y**2 - 15*y + 246. List the prime factors of p(22).
2, 73
Suppose 472 = 3*v + q, 5*v - 4*q = -407 + 1222. List the prime factors of v.
3, 53
Let u(p) = -p**3 + 5*p**2 + 5*p - 4. Let s(f) = 4*f + 2 - 10*f + 5*f. Let m be s(-3). List the prime factors of u(m).
3, 7
Let p(n) = 2*n - 15. Let a be p(8). List the prime factors of (a/2)/(16/96).
3
Let j = -101 + 191. Let f = j + -25. What are the prime factors of f?
5, 13
What are the prime factors of (-7 + (-483)/(-70))*-26590?
2659
Let r = 1929 - 340. What are the prime factors of r?
7, 227
Let c = -2067 + 3870. What are the prime factors of c?
3, 601
Suppose -3*x = -r - 12, 19 - 51 = -4*x - 4*r. Suppose 4*j + x*o = 201, -6*j = -3*j - 5*o - 177. List the prime factors of j.
2, 3
Let q = 691 + 1114. What are the prime factors of q?
5, 19
Suppose m + 23 = 4*f, -2*f - 5*m - 1 = 4. Let i(y) = y**3 - 6*y**2 + 8*y - 10. What are the prime factors of i(f)?
5
Let y(l) = l**2 + l - 35. Suppose 3*w = -2 - 1, 45 = -4*d - w. List the prime factors of y(d).
3, 5
Let h be (8/(-3))/((-1)/72) - -1. Suppose 0 = -3*d + 320 + h. List the prime factors of d.
3, 19
Suppose -28*c + 1380 = -6488. What are the prime factors of c?
281
Let h(y) = y - 59. Let a(o) = 2*o - 119. Let v(w) = -4*a(w) + 7*h(w). What are the prime factors of v(-18)?
3
Let x(a) be the third derivative of a**4/24 + 3*a**3 + 3*a**2. Let i be x(-11). Suppose i*n - 10*n + 33 = 0. List the prime factors of n.
11
Suppose -5*k + p - 48 = 2*p, -5*p = -k - 20. Let d = k + 7. What are the prime factors of (-15)/d*(0 + 3)?
3, 5
Suppose 0 = -8*p + 10*p. Suppose -3*n = -36 - p. Suppose 0 = -2*v + 48 + n. What are the prime factors of v?
2, 3, 5
Suppose -3*m + 167 + 337 = 0. Suppose -4*l + 240 = -m. List the prime factors of l.
2, 3, 17
Let y = 861 + -376. What are the prime factors of y?
5, 97
Let w be 0 + (-10)/(-3) + (-1)/3. Suppose -2*i - 2*i + 2*c - 2 = 0, 3*i + 3 = 3*c